290?
4
What is the tens digit of 2600?
0
What is the thousands digit of 16525?
6
What is the tens digit of 723?
2
What is the hundreds digit of 84176?
1
What is the units digit of 12759?
9
What is the thousands digit of 1207?
1
What is the hundreds digit of 398?
3
What is the thousands digit of 9919?
9
What is the ten thousands digit of 13881?
1
What is the tens digit of 56?
5
What is the tens digit of 5150?
5
What is the ten thousands digit of 55695?
5
What is the thousands digit of 9235?
9
What is the tens digit of 51468?
6
What is the hundreds digit of 10678?
6
What is the tens digit of 7605?
0
What is the thousands digit of 24741?
4
What is the thousands digit of 1817?
1
What is the tens digit of 3520?
2
What is the units digit of 9573?
3
What is the units digit of 3?
3
What is the thousands digit of 11550?
1
What is the units digit of 654?
4
What is the units digit of 4814?
4
What is the thousands digit of 2777?
2
What is the hundreds digit of 897?
8
What is the hundreds digit of 764?
7
What is the units digit of 777?
7
What is the tens digit of 184?
8
What is the tens digit of 1279?
7
What is the hundreds digit of 9818?
8
What is the tens digit of 81711?
1
What is the hundreds digit of 8542?
5
What is the thousands digit of 18419?
8
What is the tens digit of 1260?
6
What is the hundreds digit of 340?
3
What is the units digit of 10532?
2
What is the thousands digit of 134138?
4
What is the tens digit of 7259?
5
What is the thousands digit of 8357?
8
What is the tens digit of 2011?
1
What is the tens digit of 1654?
5
What is the hundreds digit of 1152?
1
What is the thousands digit of 55638?
5
What is the thousands digit of 13328?
3
What is the hundreds digit of 3030?
0
What is the hundreds digit of 101869?
8
What is the thousands digit of 13840?
3
What is the hundreds digit of 9080?
0
What is the thousands digit of 7901?
7
What is the ten thousands digit of 60013?
6
What is the units digit of 62601?
1
What is the hundreds digit of 4177?
1
What is the tens digit of 8477?
7
What is the hundreds digit of 725?
7
What is the ten thousands digit of 105718?
0
What is the hundreds digit of 17541?
5
What is the units digit of 9794?
4
What is the units digit of 618?
8
What is the tens digit of 1594?
9
What is the hundreds digit of 129860?
8
What is the units digit of 588?
8
What is the tens digit of 1247?
4
What is the ten thousands digit of 22031?
2
What is the tens digit of 4064?
6
What is the hundreds digit of 3456?
4
What is the tens digit of 63168?
6
What is the ten thousands digit of 13041?
1
What is the hundreds digit of 1412?
4
What is the thousands digit of 37562?
7
What is the thousands digit of 41573?
1
What is the units digit of 2889?
9
What is the hundreds digit of 1551?
5
What is the thousands digit of 2659?
2
What is the thousands digit of 4440?
4
What is the units digit of 705?
5
What is the ten thousands digit of 20408?
2
What is the tens digit of 365?
6
What is the hundreds digit of 289?
2
What is the tens digit of 4336?
3
What is the units digit of 5768?
8
What is the units digit of 539?
9
What is the hundreds digit of 65613?
6
What is the hundreds digit of 701?
7
What is the tens digit of 4869?
6
What is the units digit of 1365?
5
What is the hundreds digit of 122495?
4
What is the units digit of 4210?
0
What is the units digit of 42071?
1
What is the thousands digit of 1720?
1
What is the units digit of 19232?
2
What is the tens digit of 613?
1
What is the ten thousands digit of 36515?
3
What is the hundreds digit of 937?
9
What is the hundreds digit of 5869?
8
What is the tens digit of 8746?
4
What is the thousands digit of 47235?
7
What is the tens digit of 92397?
9
What is the thousands digit of 5832?
5
What is the units digit of 64758?
8
What is the units digit of 29934?
4
What is the hundreds digit of 16327?
3
What is the units digit of 809?
9
What is the units digit of 37901?
1
What is the hundreds digit of 130057?
0
What is the units digit of 6567?
7
What is the ten thousands digit of 19108?
1
What is the tens digit of 13329?
2
What is the thousands digit of 5533?
5
What is the tens digit of 649?
4
What is the units digit of 7232?
2
What is the units digit of 2274?
4
What is the thousands digit of 23856?
3
What is the units digit of 41656?
6
What is the hundreds digit of 22430?
4
What is the units digit of 36626?
6
What is the hundreds digit of 16435?
4
What is the units digit of 1502?
2
What is the units digit of 33?
3
What is the hundreds digit of 466?
4
What is the units digit of 3808?
8
What is the tens digit of 8558?
5
What is the hundreds digit of 4199?
1
What is the tens digit of 397?
9
What is the thousands digit of 12868?
2
What is the thousands digit of 15108?
5
What is the tens digit of 569?
6
What is the thousands digit of 2597?
2
What is the units digit of 2624?
4
What is the tens digit of 835?
3
What is the tens digit of 182615?
1
What is the tens digit of 814?
1
What is the units digit of 72?
2
What is the tens digit of 7240?
4
What is the units digit of 17666?
6
What is the tens digit of 2886?
8
What is the thousands digit of 1025?
1
What is the units digit of 373?
3
What is the ten thousands digit of 15673?
1
What is the tens digit of 40241?
4
What is the hundreds digit of 101879?
8
What is the tens digit of 493?
9
What is the thousands digit of 4183?
4
What is the tens digit of 46471?
7
What is the hundreds digit of 3867?
8
What is the units digit of 3420?
0
What is the ten thousands digit of 42866?
4
What is the tens digit of 610?
1
What is the hundreds digit of 2907?
9
What is the thousands digit of 1766?
1
What is the thousands digit of 3742?
3
What is the thousands digit of 28919?
8
What is the tens digit of 41283?
8
What is the tens digit of 304?
0
What is the units digit of 7186?
6
What is the thousands digit of 126080?
6
What is the tens digit of 845?
4
What is the hundreds digit of 4785?
7
What is the hundreds digit of 16536?
5
What is the hundreds digit of 3497?
4
What is the tens digit of 672?
7
What is the units digit of 274?
4
What is the units digit of 3217?
7
What is the tens digit of 22827?
2
What is the hundreds digit of 2345?
3
What is the units digit of 555?
5
What is the units digit of 32170?
0
What is the hundreds digit of 118?
1
What is the tens digit of 6429?
2
What is the tens digit of 102946?
4
What is the hundreds digit of 86533?
5
What is the thousands digit of 1457?
1
What is the tens digit of 31078?
7
What is the thousands digit of 7912?
7
What is the thousands digit of 11006?
1
What is the tens digit of 6733?
3
What is the units digit of 331?
1
What is the hundreds digit of 3828?
8
What is the tens digit of 5132?
3
What is the tens digit of 1269?
6
What is the tens digit of 32960?
6
What is the hundreds digit of 2116?
1
What is the tens digit of 1132?
3
What is the thousands digit of 5991?
5
What is the units digit of 1028?
8
What is the units digit of 154043?
3
What is the units digit of 17224?
4
What is the units digit of 123373?
3
What is the units digit of 1950?
0
What is the thousands digit of 10323?
0
What is the hundreds digit of 443?
4
What is the tens digit of 1015?
1
What is the units digit of 43349?
9
What is the hundreds digit of 52257?
2
What is the ten thousands digit of 36656?
3
What is the thousands digit of 1713?
1
What is the tens digit of 25113?
1
What is the tens digit of 1836?
3
What is the thousands digit of 4100?
4
What is the hundreds digit of 774?
7
What is the hundreds digit of 2249?
2
What is the tens digit of 39622?
2
What is the hundreds digit of 3503?
5
What is the thousands digit of 2649?
2
What is the thousands digit of 56645?
6
What is the thousands digit of 12994?
2
What is the ten thousands digit of 26836?
2
What is the tens digit of 5646?
4
What is the thousands digit of 19488?
9
What is the tens digit of 17781?
8
What is the ten thousands digit of 13494?
1
What is the hundreds digit of 1482?
4
What is the tens digit of 2521?
2
What is the tens digit of 287?
8
What is the ten thousands digit of 161970?
6
What is the units digit of 6168?
8
What is the tens digit of 28682?
8
What is the hundreds digit of 65530?
5
What is the thousands digit of 87132?
7
What is the thousands digit of 37078?
7
What is the thousands digit of 1012?
1
What 